{"id":1593,"date":"2020-02-17T03:14:42","date_gmt":"2020-02-17T02:14:42","guid":{"rendered":"https:\/\/centrumbienestar.sk\/?page_id=1593"},"modified":"2020-08-04T21:10:50","modified_gmt":"2020-08-04T19:10:50","slug":"testimonios","status":"publish","type":"page","link":"https:\/\/centrumbienestar.sk\/es\/testimonios\/","title":{"rendered":"Testimonios"},"content":{"rendered":"[vc_row][vc_column][gt3_testimonials use_carousel=\u00bb\u00bb][gt3_testimonial_item tstm_author=\u00bbJavi\u00e9r\u00bb image=\u00bb1134&#8243; select_rate=\u00bbnone\u00bb]Todo comenz\u00f3 en el mes de Septiembre de 2018 cuando poe un cumulo de circunstancias me sent\u00eda devastado, asustado, desesperado, muchos miedos dentro de m\u00ed en muy poco tiempo. El detonante de todo fue un miedo a\u00a0la enfermedad que acompa\u00f1\u00f3 al medio al rechazo y a\u00a0la soledad. Cuando empec\u00e9 la terapia todo era dif\u00edcil. Sesiones lacrim\u00f3genas y largas, pero siempre ten\u00edan un final dulce, mucho trabajo por mi parte y por parte de mi psic\u00f3loga. Desde la primera sesi\u00f3n, empezamos haciendo relajaci\u00f3n, tengo que confesar que no estaba seguro si esto iba a\u00a0funcionar, pero funcion\u00f3, poco a\u00a0poco fue meti\u00e9ndome de lleno el proceso, siendo capaz de hacer trabajar mi mente de la manera que yo quer\u00eda, trabajando duro para conseguirlo, despu\u00e9s de la relajaci\u00f3n, apareci\u00f3 la meditaci\u00f3n, wow! Que cantidad de sensaciones en tan poco tiempo, pero lo m\u00e1s importante es que me est\u00e1n haciendo ver las cosas de manera m\u00e1s clara. En conclusi\u00f3n, tengo que confesar que esta experiencia me ha hecho crecer mentalmente, me ha hecho ver las cosas desde ptro punto de vista, trabajar en mis sentimientos, en mis miedos, transformar lo irracional en racional y sobre todo, nunca llegar a\u00a0los extremos, ni positivos ni negativos, ya que ambos pueden no ser buenos.[\/gt3_testimonial_item][gt3_testimonial_item tstm_author=\u00bbFelipe\u00bb image=\u00bb1444&#8243; select_rate=\u00bbnone\u00bb]<span>Venir de Latinoam\u00e9rica a Europa es para muchos un sue\u00f1o. Pensar en todas las aventuras y las nuevas experiencias que uno puede tener en este continente lo llenan a uno de emoci\u00f3n. Poco nos ponemos a pensar en c\u00f3mo nos puede afectar la cantidad de cambios. Un nuevo idioma, una nueva cultura, nuevas costumbres, en fin, nuevas formas en las que las personas se relacionan.<br \/>\n<\/span><\/p>\n<div><\/div>\n<div>El cambio es dif\u00edcil y el proceso de adaptaci\u00f3n es para todos distintos. Algunos logran adaptarse r\u00e1pidamente y seguir adelante. Ese no fue mi caso y antes de darme cuenta, me vi sumido en una gran depresi\u00f3n sinti\u00e9ndome solo y fuera de lugar.<\/div>\n<div><\/div>\n<p><span>Por suerte conoc\u00ed a Anna y con su ayuda he logrado adaptarme mejor a la vida en Eslovaquia. Ella me ha dado las herramientas necesarias para lidiar mejor con el d\u00eda a d\u00eda y hacer de este tiempo en un pa\u00eds extra\u00f1o una experiencia m\u00e1s positiva. Puedo decir sin temor a equivocarme que ella me ha ayudado a salir adelante durante la \u00e9poca m\u00e1s turbulenta e incierta de mi vida y por esto le estar\u00e9 eternamente agradecido.<\/span>[\/gt3_testimonial_item][\/gt3_testimonials][\/vc_column][\/vc_row]\n","protected":false},"excerpt":{"rendered":"<p>[vc_row][vc_column][gt3_testimonials use_carousel=\u00bb\u00bb][gt3_testimonial_item tstm_author=\u00bbJavi\u00e9r\u00bb image=\u00bb1134&#8243; select_rate=\u00bbnone\u00bb]Todo comenz\u00f3 en el mes de Septiembre de 2018 cuando poe un cumulo de circunstancias me sent\u00eda devastado, asustado, desesperado, muchos miedos dentro de m\u00ed en muy poco tiempo. El detonante de todo fue un miedo a\u00a0la enfermedad que acompa\u00f1\u00f3 al medio al rechazo y a\u00a0la soledad. Cuando empec\u00e9 la terapia [&hellip;]<\/p>\n","protected":false},"author":1,"featured_media":0,"parent":0,"menu_order":0,"comment_status":"closed","ping_status":"closed","template":"","meta":{"footnotes":""},"class_list":["post-1593","page","type-page","status-publish","hentry"],"yoast_head":"<!-- This site is optimized with the Yoast SEO plugin v23.8 - https:\/\/yoast.com\/wordpress\/plugins\/seo\/ -->\n<title>Testimonios - Centro de consejer\u00eda Bienestar<\/title>\n<meta name=\"description\" content=\"Testimonios\" \/>\n<meta name=\"robots\" content=\"index, follow, max-snippet:-1, max-image-preview:large, max-video-preview:-1\" \/>\n<link rel=\"canonical\" href=\"https:\/\/centrumbienestar.sk\/es\/testimonios\/\" \/>\n<meta property=\"og:locale\" content=\"es_ES\" \/>\n<meta property=\"og:type\" content=\"article\" \/>\n<meta property=\"og:title\" content=\"Testimonios - Centro de consejer\u00eda Bienestar\" \/>\n<meta property=\"og:description\" content=\"Testimonios\" \/>\n<meta property=\"og:url\" content=\"https:\/\/centrumbienestar.sk\/es\/testimonios\/\" \/>\n<meta property=\"og:site_name\" content=\"Centro de consejer\u00eda Bienestar\" \/>\n<meta property=\"article:publisher\" content=\"https:\/\/www.facebook.com\/PoradenskeCentrumBienestar\" \/>\n<meta property=\"article:modified_time\" content=\"2020-08-04T19:10:50+00:00\" \/>\n<meta name=\"twitter:label1\" content=\"Tiempo de lectura\" \/>\n\t<meta name=\"twitter:data1\" content=\"2 minutos\" \/>\n<script type=\"application\/ld+json\" class=\"yoast-schema-graph\">{\"@context\":\"https:\/\/schema.org\",\"@graph\":[{\"@type\":\"WebPage\",\"@id\":\"https:\/\/centrumbienestar.sk\/es\/testimonios\/\",\"url\":\"https:\/\/centrumbienestar.sk\/es\/testimonios\/\",\"name\":\"Testimonios - Centro de consejer\u00eda Bienestar\",\"isPartOf\":{\"@id\":\"https:\/\/centrumbienestar.sk\/es\/#website\"},\"datePublished\":\"2020-02-17T02:14:42+00:00\",\"dateModified\":\"2020-08-04T19:10:50+00:00\",\"description\":\"Testimonios\",\"breadcrumb\":{\"@id\":\"https:\/\/centrumbienestar.sk\/es\/testimonios\/#breadcrumb\"},\"inLanguage\":\"es\",\"potentialAction\":[{\"@type\":\"ReadAction\",\"target\":[\"https:\/\/centrumbienestar.sk\/es\/testimonios\/\"]}]},{\"@type\":\"BreadcrumbList\",\"@id\":\"https:\/\/centrumbienestar.sk\/es\/testimonios\/#breadcrumb\",\"itemListElement\":[{\"@type\":\"ListItem\",\"position\":1,\"name\":\"Home\",\"item\":\"https:\/\/centrumbienestar.sk\/es\/\"},{\"@type\":\"ListItem\",\"position\":2,\"name\":\"Testimonios\"}]},{\"@type\":\"WebSite\",\"@id\":\"https:\/\/centrumbienestar.sk\/es\/#website\",\"url\":\"https:\/\/centrumbienestar.sk\/es\/\",\"name\":\"Centro de consejer\u00eda Bienestar\",\"description\":\"Gracias a muchos a\u00f1os de experiencia, te ayudaremos a resolver tus problemas en la forma m\u00e1s profesional y efectiva. Adem\u00e1s, conectamos nuestra experiencia con novedades.\",\"publisher\":{\"@id\":\"https:\/\/centrumbienestar.sk\/es\/#organization\"},\"potentialAction\":[{\"@type\":\"SearchAction\",\"target\":{\"@type\":\"EntryPoint\",\"urlTemplate\":\"https:\/\/centrumbienestar.sk\/es\/?s={search_term_string}\"},\"query-input\":{\"@type\":\"PropertyValueSpecification\",\"valueRequired\":true,\"valueName\":\"search_term_string\"}}],\"inLanguage\":\"es\"},{\"@type\":\"Organization\",\"@id\":\"https:\/\/centrumbienestar.sk\/es\/#organization\",\"name\":\"Poradensk\u00e9 centrum Bienestar\",\"url\":\"https:\/\/centrumbienestar.sk\/es\/\",\"logo\":{\"@type\":\"ImageObject\",\"inLanguage\":\"es\",\"@id\":\"https:\/\/centrumbienestar.sk\/es\/#\/schema\/logo\/image\/\",\"url\":\"https:\/\/centrumbienestar.sk\/wp-content\/uploads\/2019\/12\/bienestar_logo_svk.png\",\"contentUrl\":\"https:\/\/centrumbienestar.sk\/wp-content\/uploads\/2019\/12\/bienestar_logo_svk.png\",\"width\":800,\"height\":662,\"caption\":\"Poradensk\u00e9 centrum Bienestar\"},\"image\":{\"@id\":\"https:\/\/centrumbienestar.sk\/es\/#\/schema\/logo\/image\/\"},\"sameAs\":[\"https:\/\/www.facebook.com\/PoradenskeCentrumBienestar\"]}]}<\/script>\n<!-- \/ Yoast SEO plugin. -->","yoast_head_json":{"title":"Testimonios - Centro de consejer\u00eda Bienestar","description":"Testimonios","robots":{"index":"index","follow":"follow","max-snippet":"max-snippet:-1","max-image-preview":"max-image-preview:large","max-video-preview":"max-video-preview:-1"},"canonical":"https:\/\/centrumbienestar.sk\/es\/testimonios\/","og_locale":"es_ES","og_type":"article","og_title":"Testimonios - Centro de consejer\u00eda Bienestar","og_description":"Testimonios","og_url":"https:\/\/centrumbienestar.sk\/es\/testimonios\/","og_site_name":"Centro de consejer\u00eda Bienestar","article_publisher":"https:\/\/www.facebook.com\/PoradenskeCentrumBienestar","article_modified_time":"2020-08-04T19:10:50+00:00","twitter_misc":{"Tiempo de lectura":"2 minutos"},"schema":{"@context":"https:\/\/schema.org","@graph":[{"@type":"WebPage","@id":"https:\/\/centrumbienestar.sk\/es\/testimonios\/","url":"https:\/\/centrumbienestar.sk\/es\/testimonios\/","name":"Testimonios - Centro de consejer\u00eda Bienestar","isPartOf":{"@id":"https:\/\/centrumbienestar.sk\/es\/#website"},"datePublished":"2020-02-17T02:14:42+00:00","dateModified":"2020-08-04T19:10:50+00:00","description":"Testimonios","breadcrumb":{"@id":"https:\/\/centrumbienestar.sk\/es\/testimonios\/#breadcrumb"},"inLanguage":"es","potentialAction":[{"@type":"ReadAction","target":["https:\/\/centrumbienestar.sk\/es\/testimonios\/"]}]},{"@type":"BreadcrumbList","@id":"https:\/\/centrumbienestar.sk\/es\/testimonios\/#breadcrumb","itemListElement":[{"@type":"ListItem","position":1,"name":"Home","item":"https:\/\/centrumbienestar.sk\/es\/"},{"@type":"ListItem","position":2,"name":"Testimonios"}]},{"@type":"WebSite","@id":"https:\/\/centrumbienestar.sk\/es\/#website","url":"https:\/\/centrumbienestar.sk\/es\/","name":"Centro de consejer\u00eda Bienestar","description":"Gracias a muchos a\u00f1os de experiencia, te ayudaremos a resolver tus problemas en la forma m\u00e1s profesional y efectiva. Adem\u00e1s, conectamos nuestra experiencia con novedades.","publisher":{"@id":"https:\/\/centrumbienestar.sk\/es\/#organization"},"potentialAction":[{"@type":"SearchAction","target":{"@type":"EntryPoint","urlTemplate":"https:\/\/centrumbienestar.sk\/es\/?s={search_term_string}"},"query-input":{"@type":"PropertyValueSpecification","valueRequired":true,"valueName":"search_term_string"}}],"inLanguage":"es"},{"@type":"Organization","@id":"https:\/\/centrumbienestar.sk\/es\/#organization","name":"Poradensk\u00e9 centrum Bienestar","url":"https:\/\/centrumbienestar.sk\/es\/","logo":{"@type":"ImageObject","inLanguage":"es","@id":"https:\/\/centrumbienestar.sk\/es\/#\/schema\/logo\/image\/","url":"https:\/\/centrumbienestar.sk\/wp-content\/uploads\/2019\/12\/bienestar_logo_svk.png","contentUrl":"https:\/\/centrumbienestar.sk\/wp-content\/uploads\/2019\/12\/bienestar_logo_svk.png","width":800,"height":662,"caption":"Poradensk\u00e9 centrum Bienestar"},"image":{"@id":"https:\/\/centrumbienestar.sk\/es\/#\/schema\/logo\/image\/"},"sameAs":["https:\/\/www.facebook.com\/PoradenskeCentrumBienestar"]}]}},"_links":{"self":[{"href":"https:\/\/centrumbienestar.sk\/es\/wp-json\/wp\/v2\/pages\/1593","targetHints":{"allow":["GET"]}}],"collection":[{"href":"https:\/\/centrumbienestar.sk\/es\/wp-json\/wp\/v2\/pages"}],"about":[{"href":"https:\/\/centrumbienestar.sk\/es\/wp-json\/wp\/v2\/types\/page"}],"author":[{"embeddable":true,"href":"https:\/\/centrumbienestar.sk\/es\/wp-json\/wp\/v2\/users\/1"}],"replies":[{"embeddable":true,"href":"https:\/\/centrumbienestar.sk\/es\/wp-json\/wp\/v2\/comments?post=1593"}],"version-history":[{"count":6,"href":"https:\/\/centrumbienestar.sk\/es\/wp-json\/wp\/v2\/pages\/1593\/revisions"}],"predecessor-version":[{"id":3849,"href":"https:\/\/centrumbienestar.sk\/es\/wp-json\/wp\/v2\/pages\/1593\/revisions\/3849"}],"wp:attachment":[{"href":"https:\/\/centrumbienestar.sk\/es\/wp-json\/wp\/v2\/media?parent=1593"}],"curies":[{"name":"wp","href":"https:\/\/api.w.org\/{rel}","templated":true}]}}

[vc_row][vc_column][gt3_testimonials use_carousel=»»][gt3_testimonial_item tstm_author=»Javiér» image=»1134&#8243; select_rate=»none»]Todo comenzó en el mes de Septiembre de 2018 cuando poe un cumulo de circunstancias me sentía devastado, asustado, desesperado, muchos miedos dentro de mí en muy poco tiempo. El detonante de todo fue un miedo a la enfermedad que acompañó al medio al rechazo y a la soledad. Cuando empecé la terapia todo era difícil. Sesiones lacrimógenas y largas, pero siempre tenían un final dulce, mucho trabajo por mi parte y por parte de mi psicóloga. Desde la primera sesión, empezamos haciendo relajación, tengo que confesar que no estaba seguro si esto iba a funcionar, pero funcionó, poco a poco fue metiéndome de lleno el proceso, siendo capaz de hacer trabajar mi mente de la manera que yo quería, trabajando duro para conseguirlo, después de la relajación, apareció la meditación, wow! Que cantidad de sensaciones en tan poco tiempo, pero lo más importante es que me están haciendo ver las cosas de manera más clara. En conclusión, tengo que confesar que esta experiencia me ha hecho crecer mentalmente, me ha hecho ver las cosas desde ptro punto de vista, trabajar en mis sentimientos, en mis miedos, transformar lo irracional en racional y sobre todo, nunca llegar a los extremos, ni positivos ni negativos, ya que ambos pueden no ser buenos.[/gt3_testimonial_item][gt3_testimonial_item tstm_author=»Felipe» image=»1444&#8243; select_rate=»none»]<span>Venir de Latinoamérica a Europa es para muchos un sueño. Pensar en todas las aventuras y las nuevas experiencias que uno puede tener en este continente lo llenan a uno de emoción. Poco nos ponemos a pensar en cómo nos puede afectar la cantidad de cambios. Un nuevo idioma, una nueva cultura, nuevas costumbres, en fin, nuevas formas en las que las personas se relacionan.<br />
</span></p>
<div></div>
<div>El cambio es difícil y el proceso de adaptación es para todos distintos. Algunos logran adaptarse rápidamente y seguir adelante. Ese no fue mi caso y antes de darme cuenta, me vi sumido en una gran depresión sintiéndome solo y fuera de lugar.</div>
<div></div>
<p><span>Por suerte conocí a Anna y con su ayuda he logrado adaptarme mejor a la vida en Eslovaquia. Ella me ha dado las herramientas necesarias para lidiar mejor con el día a día y hacer de este tiempo en un país extraño una experiencia más positiva. Puedo decir sin temor a equivocarme que ella me ha ayudado a salir adelante durante la época más turbulenta e incierta de mi vida y por esto le estaré eternamente agradecido.</span>[/gt3_testimonial_item][/gt3_testimonials][/vc_column][/vc_row]

<p>[vc_row][vc_column][gt3_testimonials use_carousel=»»][gt3_testimonial_item tstm_author=»Javiér» image=»1134&#8243; select_rate=»none»]Todo comenzó en el mes de Septiembre de 2018 cuando poe un cumulo de circunstancias me sentía devastado, asustado, desesperado, muchos miedos dentro de mí en muy poco tiempo. El detonante de todo fue un miedo a la enfermedad que acompañó al medio al rechazo y a la soledad. Cuando empecé la terapia [&hellip;]</p>

<!-- This site is optimized with the Yoast SEO plugin v23.8 - https://yoast.com/wordpress/plugins/seo/ -->
<title>Testimonios - Centro de consejería Bienestar</title>
<meta name="description" content="Testimonios" />
<meta name="robots" content="index, follow, max-snippet:-1, max-image-preview:large, max-video-preview:-1" />
<link rel="canonical" href="https://centrumbienestar.sk/es/testimonios/" />
<meta property="og:locale" content="es_ES" />
<meta property="og:type" content="article" />
<meta property="og:title" content="Testimonios - Centro de consejería Bienestar" />
<meta property="og:description" content="Testimonios" />
<meta property="og:url" content="https://centrumbienestar.sk/es/testimonios/" />
<meta property="og:site_name" content="Centro de consejería Bienestar" />
<meta property="article:publisher" content="https://www.facebook.com/PoradenskeCentrumBienestar" />
<meta property="article:modified_time" content="2020-08-04T19:10:50+00:00" />
<meta name="twitter:label1" content="Tiempo de lectura" />
	<meta name="twitter:data1" content="2 minutos" />
<script type="application/ld+json" class="yoast-schema-graph">{"@context":"https://schema.org","@graph":[{"@type":"WebPage","@id":"https://centrumbienestar.sk/es/testimonios/","url":"https://centrumbienestar.sk/es/testimonios/","name":"Testimonios - Centro de consejería Bienestar","isPartOf":{"@id":"https://centrumbienestar.sk/es/#website"},"datePublished":"2020-02-17T02:14:42+00:00","dateModified":"2020-08-04T19:10:50+00:00","description":"Testimonios","breadcrumb":{"@id":"https://centrumbienestar.sk/es/testimonios/#breadcrumb"},"inLanguage":"es","potentialAction":[{"@type":"ReadAction","target":["https://centrumbienestar.sk/es/testimonios/"]}]},{"@type":"BreadcrumbList","@id":"https://centrumbienestar.sk/es/testimonios/#breadcrumb","itemListElement":[{"@type":"ListItem","position":1,"name":"Home","item":"https://centrumbienestar.sk/es/"},{"@type":"ListItem","position":2,"name":"Testimonios"}]},{"@type":"WebSite","@id":"https://centrumbienestar.sk/es/#website","url":"https://centrumbienestar.sk/es/","name":"Centro de consejería Bienestar","description":"Gracias a muchos años de experiencia, te ayudaremos a resolver tus problemas en la forma más profesional y efectiva. Además, conectamos nuestra experiencia con novedades.","publisher":{"@id":"https://centrumbienestar.sk/es/#organization"},"potentialAction":[{"@type":"SearchAction","target":{"@type":"EntryPoint","urlTemplate":"https://centrumbienestar.sk/es/?s={search_term_string}"},"query-input":{"@type":"PropertyValueSpecification","valueRequired":true,"valueName":"search_term_string"}}],"inLanguage":"es"},{"@type":"Organization","@id":"https://centrumbienestar.sk/es/#organization","name":"Poradenské centrum Bienestar","url":"https://centrumbienestar.sk/es/","logo":{"@type":"ImageObject","inLanguage":"es","@id":"https://centrumbienestar.sk/es/#/schema/logo/image/","url":"https://centrumbienestar.sk/wp-content/uploads/2019/12/bienestar_logo_svk.png","contentUrl":"https://centrumbienestar.sk/wp-content/uploads/2019/12/bienestar_logo_svk.png","width":800,"height":662,"caption":"Poradenské centrum Bienestar"},"image":{"@id":"https://centrumbienestar.sk/es/#/schema/logo/image/"},"sameAs":["https://www.facebook.com/PoradenskeCentrumBienestar"]}]}</script>
<!-- / Yoast SEO plugin. -->

Testimonios - Centro de consejería Bienestar

Centro de consejería Bienestar

Gracias a muchos años de experiencia, te ayudaremos a resolver tus problemas en la forma más profesional y efectiva. Además, conectamos nuestra experiencia con novedades.

Poradenské centrum Bienestar
